.
7
Let c(g) = -25685*g + 1207184. Give c(47).
-11
Let s(k) = k**2 - 212*k + 11402. What is s(107)?
167
Let c(y) = -13374*y - 133817. Calculate c(-10).
-77
Let o(w) = 3*w**2 - 5912*w - 47261. Determine o(-8).
227
Let o(g) = g**3 - 282*g**2 + 9472*g + 1208. Calculate o(243).
-7
Let z(y) = 72*y**2 + 21*y + 48. Calculate z(-3).
633
Let f(b) = 1187*b + 33256. Determine f(-28).
20
Let n(s) = s**3 + 114*s**2 + 433*s - 739. Calculate n(-110).
31
Let r(l) = 2*l**3 - 41*l**2 + 68*l + 49. Determine r(19).
258
Let h(x) = 86*x**2 - 11771*x - 1501. Give h(137).
6
Let k(i) = -3*i**3 + 630*i**2 + 2566*i + 334. What is k(214)?
-94
Let k(h) = 5*h**2 + 249*h + 1643. Calculate k(-7).
145
Let v(x) = -255*x - 4475. Determine v(3).
-5240
Let h(q) = 11043*q + 14035653. What is h(-1271)?
0
Let f(s) = -4*s**3 + 3*s**2 + 279*s - 38. Give f(-8).
-30
Let o(d) = -4*d**3 + 328*d - 658. Give o(2).
-34
Let x(z) = 1274*z + 23213. Calculate x(-18).
281
Let q(o) = -88*o**2 - 601*o - 1208. What is q(-2)?
-358
Let d(k) = 76*k**3 - 137*k**2 + 401*k - 8. Give d(3).
2014
Let o(c) = c**3 + 49*c**2 + 316*c - 2872. Give o(-39).
14
Let m(c) = -379*c**2 + 941*c + 64. Calculate m(2).
430
Let f(d) = -d**3 + 9*d**2 + 15800*d - 157862. Give f(10).
38
Let i(s) = 12*s**3 - 672*s**2 + 658*s + 115. Calculate i(55).
5
Let t(k) = k**2 + 116*k - 5910. Give t(-155).
135
Let a(n) = 2665*n - 81681. What is a(30)?
-1731
Let j(w) = 39944*w + 8428177. Calculate j(-211).
-7
Let j(t) = 3*t**3 - 13*t**2 + 108*t + 1705. What is j(-11)?
-5049
Let p(d) = 5717*d + 74454. What is p(-13)?
133
Let l(p) = p**2 + 77*p + 367. What is l(-71)?
-59
Let r(z) = 12*z**3 - 15*z**2 - 4*z + 117. Give r(4).
629
Let x(p) = 2*p**2 - 2129*p + 78017. What is x(38)?
3
Let b(w) = 3*w**3 + 9*w**2 - 234*w - 106. Give b(12).
3566
Let n(g) = 3*g**2 + 27*g - 1697. Give n(20).
43
Let w(o) = o - 987. Calculate w(-5).
-992
Let z(i) = 392*i + 9096. Give z(-25).
-704
Let c(g) = -16*g**2 - 27324*g - 109289. Determine c(-4).
-249
Let j(l) = -101*l**2 - 4526*l + 863. What is j(-45)?
8
Let m(r) = 50317*r - 352204. Determine m(7).
15
Let q(k) = -340*k + 2992. Calculate q(9).
-68
Let s(d) = -2*d**3 - 19*d**2 + 4*d + 35. What is s(-8)?
-189
Let d(z) = -1151*z - 260115. Determine d(-226).
11
Let p(q) = -16562*q + 4140482. Calculate p(250).
-18
Let v(a) = -156*a + 3259. Give v(19).
295
Let m(l) = 159*l + 2027. Give m(-27).
-2266
Let l(y) = -3*y**3 + 442*y**2 + 140*y - 42000. What is l(147)?
189
Let n(t) = -t**3 - 223*t**2 - 17*t - 3593. Give n(-223).
198
Let r(y) = -2*y**3 + 288*y**2 - 283*y - 6. Determine r(1).
-3
Let f(r) = 76*r**2 - 1264*r - 69. Calculate f(17).
407
Let n(u) = u**2 - 31594*u + 157938. Determine n(5).
-7
Let d(a) = 16*a**2 - 1745*a - 142. Determine d(108).
-1978
Let j(l) = 232*l - 56. Give j(-3).
-752
Let j(d) = 2*d**3 + 15*d**2 - 3422*d - 20601. What is j(-6)?
39
Let q(x) = -20175*x**2 - 342954*x + 357. What is q(-17)?
0
Let f(x) = 7880*x + 394010. Determine f(-50).
10
Let l(f) = -f**3 - 287*f**2 - 554*f + 4557. Give l(-285).
-3
Let i(h) = 3*h**3 - 47*h**2 - 10*h + 429. Calculate i(15).
-171
Let s(r) = 159682*r - 958076. What is s(6)?
16
Let f(l) = 766*l**2 - 201*l + 230. Calculate f(3).
6521
Let q(s) = s**2 - 6339*s - 4133264. Calculate q(-596).
-4
Let r(a) = -9*a**3 + 186*a**2 + 11*a + 23. What is r(21)?
-1069
Let i(h) = 192*h + 1790. What is i(-9)?
62
Let o(q) = q**2 + 7*q - 21883. Calculate o(123).
-5893
Let f(j) = 2416*j + 24089. Give f(-10).
-71
Let u(i) = -i**3 - 122*i**2 - 523*i - 6038. What is u(-118)?
-20
Let x(q) = 95568*q + 129. What is x(0)?
129
Let y(s) = 11*s**2 - 2718*s + 2252. Determine y(246).
-700
Let t(b) = b**3 + 11*b**2 + 123*b + 42. Determine t(-10).
-1088
Let l(v) = -5022*v + 1009591. Calculate l(201).
169
Let v(n) = n**3 + 13*n**2 - 10*n - 25. Calculate v(-11).
327
Let f(d) = 56*d**2 + 101*d - 851. Calculate f(7).
2600
Let u(o) = -o**2 + 817*o + 1845322. What is u(-1010)?
52
Let a(h) = -5339*h + 74740. Give a(14).
-6
Let c(r) = r**2 + 115*r - 22219. Give c(-217).
-85
Let v(o) = 3*o**3 - 75*o**2 - 169*o - 131. Determine v(27).
-320
Let k(t) = -3*t**3 - t**2 + 443*t + 2189. What is k(-5)?
324
Let h(f) = f**3 + 91*f**2 + 268*f + 1056. What is h(-88)?
704
Let k(j) = -1403*j - 415299. What is k(-296)?
-11
Let u(n) = -n**3 + 416*n**2 - 31*n - 159362. Give u(415).
-2
Let s(b) = b**3 - 51*b**2 + 451*b - 200. Give s(40).
240
Let p(j) = -80911*j + 13026669. Determine p(161).
-2
Let x(f) = f**3 - 4*f**2 + 39*f - 328. What is x(10)?
662
Let k(j) = 4*j**3 - 602*j**2 + 1467*j + 1558. What is k(148)?
-366
Let z(s) = 270167*s - 4052502. What is z(15)?
3
Let r(s) = -610*s + 3586. Calculate r(6).
-74
Let u(z) = -1435*z + 41619. Give u(29).
4
Let x(q) = 1917*q - 213619. What is x(111)?
-832
Let m(i) = -i**3 + 72*i**2 + 245*i - 1341. Determine m(75).
159
Let r(b) = -4*b**3 - 1947*b**2 + 483*b - 1946. Calculate r(-487).
2
Let a(p) = 2*p**2 - 553*p - 2205. Give a(-4).
39
Let b(k) = 1035*k - 16856. Give b(16).
-296
Let f(s) = -17*s**2 + 132*s + 1136. Determine f(13).
-21
Let i(d) = -594*d**2 + 167*d + 165. Determine i(-1).
-596
Let g(t) = -498*t - 170807. Give g(-343).
7
Let a(i) = 3102*i - 23397. Calculate a(8).
1419
Let m(l) = 455*l**2 + 572*l + 38. Give m(-1).
-79
Let g(k) = 2*k**3 + 17*k**2 - 120*k - 6. Give g(-13).
33
Let z(m) = 2075*m**2 + 10369*m + 14. What is z(-5)?
44
Let j(v) = v**3 + 333*v**2 + 325*v + 107903. Give j(-333).
-322
Let l(n) = 2*n**3 - 608*n**2 + 1414*n + 117986. Determine l(301).
-6
Let f(j) = -14967*j - 105128. Calculate f(-7).
-359
Let c(t) = 865*t + 48598. Determine c(-56).
158
Let p(o) = 717*o + 4969. Calculate p(-7).
-50
Let u(q) = -21951*q - 1295090. Determine u(-59).
19
Let s(j) = -4*j**3 - 393*j**2 - 65*j + 3220. Give s(-98).
-14
Let m(v) = -22*v**2 - 471*v + 1407. Calculate m(-24).
39
Let j(i) = -10*i**3 - 1697*i**2 + 507*i - 942. What is j(-170)?
-432
Let k(w) = 119334*w - 119361. Calculate k(1).
-27
Let x(w) = 92*w**3 + 1565*w**2 - 5*w - 406. What is x(-17)?
-32
Let x(o) = -o**2 - 58*o - 2936. Determine x(-28).
-2096
Let n(f) = -624*f + 1010. What is n(0)?
1010
Let j(d) = -744*d - 44672. Calculate j(-60).
-32
Let j(x) = -2*x**2 - 737*x - 66138. Calculate j(-214).
-12
Let j(x) = 51*x + 3470. What is j(-36)?
1634
Let y(a) = -11*a**2 + 2382*a + 9552. Give y(-4).
-152
Let g(q) = -10471*q**2 + 523550*q + 28. Determine g(50).
28
Let k(h) = 3*h**3 + 642*h**2 + 570*h - 14786. Determine k(-213).
-89
Let h(d) = d**3 - 26*d**2 - 59*d - 893. Give h(30).
937
Let j(h) = 175*h**2 + 259*h + 129. What is j(-3)?
927
Let d(k) = 179005*k + 6802186. What is d(-38)?
-4
Let t(c) = 10*c**2 + 6095*c + 802717. Give t(-417).
-8
Let r(v) = 5*v**2 - 63*v - 1001. What is r(-11)?
297
Let c(j) = -22680*j - 68327. Calculate c(-3).
-287
Let v(y) = -y**2 + 3451*y + 58848. What is v(-17)?
-108
Let b(s) = -37336*s - 74715. Determine b(-2).
-43
Let r(d) = 18347*d + 93405. Give r(-5).
1670
Let v(u) = 1220*u - 8246. Determine v(7).
294
Let j(d) = d**3 + 175*d**2 - 1760*d + 941. Determine j(9).
5
Let b(u) = u**3 + 33*u**2 - 113*u - 285. Determine b(-36).
-105
Let o(n) = -163*n - 9104. What is o(-56)?
24
Let v(j) = 105973*j + 17803456. Calculate v(-168).
-8
Let g(u) = -2694*u - 126623. Determine g(-47).
-5
Let c(n) = -33571*n + 201427. Calculate c(6).
1
Let c(z) = -5*z**3 + 14*z**2 + 1775*z + 10416. Determine c(-6).
1350
Let u(s) = -1322*s - 27477. Determine u(-21).
285
Let f(u) = -30712*u - 706400. What is f(-23)?
-24
Let y(c) = c**3 - 9*c**2 + 9*c + 1808. Determine y(-16).
-4736
Let n(l) = -53075*l + 2653694. Calculate n(50).
-56
Let a(f) = -2*f**3 + 121*f**2 + 954*f + 83. What is a(-7)?
20
Let l(k) = 28*k**2 + 3696*k - 54. Calculate l(-132).
-54
Let q(y) = -467*y**2 + 18198*y + 103. What is q(39)?
-482
Let o(a) = 4*a**3 + 503*a**2 + 2280*a - 71. Determine o(-121).
2228
Let t(u) = -4*u**3 - 79*u**2 - 57*u - 53. Determine t(-19).
-53
Let v(w) = -60978*w - 9573547. Calculate v(-157).
-1
Let n(c) = 5*c**3 - 39*c**2 + 8*c + 7. Calculate n(9).
565
Let g(m) = -4*m**2 + 64*m - 242. Give g(12).
-50
Let o(l) = 2*l**2 + 580*l + 24275. Calculate o(-51).
-103
Let b(n) = 8*n**2 - 317*n - 252. Calculate b(15).
-3207
Let j(p) = 17862*p + 89371. Determine j(-5).
61
Let c(a) = -a**3 + 14*a**2 - 33*a - 11. Give c(9).
97
Let m(k) = 238*k + 29335. 